30 + 93 + z + 70. Is i(0) a prime number?
False
Let r(l) = -l**3 - 3*l**2 - 2*l. Let t be r(-2). Suppose t = o + 2*o. Is 80 + 5 + 0 + o a prime number?
False
Suppose -5*k = -2*z - 175, -2*z - z = -4*k + 147. Is k composite?
True
Is (1/3)/(8/9912) prime?
False
Let v = 73 - 6. Is v a prime number?
True
Let d(l) = -l**3 + 3*l**2 + 8. Let x be d(-6). Is (-33)/(-22)*x/6 composite?
False
Let x(r) = r**2 + 2*r - 3. Let o be x(-3). Let w be (-449)/(-3) + 1/3. Suppose o = -l + w + 73. Is l composite?
False
Let h(i) = 3*i. Let y be h(5). Suppose 3*j = -y, 4*w + 12 = 3*j + 27. Suppose -2*b + 13 + 29 = w. Is b a prime number?
False
Let p = -647 - -1320. Is p prime?
True
Suppose -5*i - 405 = -0*i. Let b = -28 - i. Is b a composite number?
False
Let g(n) = 2*n + 3. Let s be g(4). Let b(w) = 9*w**2 - 5*w + 9. Is b(s) composite?
True
Let w(l) = 34*l**2 - l + 56. Is w(-13) a composite number?
True
Is 7 + -3 - 9 - -1066 a composite number?
False
Let g(q) = 22*q + 17. Is g(5) composite?
False
Let x(v) be the first derivative of -v**4/2 - 2*v**3 - 3*v**2/2 + 4*v - 1. Let m(h) = -h - 2. Let o be m(3). Is x(o) a prime number?
False
Suppose n = 5*n - 24. Suppose 2*v - z - n = -0, 2*z - 15 = -5*v. Is 2 - v - 70/(-1) composite?
True
Let u be (-758)/(-14) + 2/(-14). Suppose 2*t + 4*g - u = -0*t, 4*g = 3*t - 61. Is t a prime number?
True
Suppose 4*h + 13926 = 10*h. Is h composite?
True
Suppose -b + 0*b - 2*i + 617 = 0, -b - i = -612. Let a = b + -422. Is a composite?
True
Suppose 0*q = -q - 2*r + 1015, 5*q = -3*r + 5047. Is q prime?
False
Let a(o) = o**3 - 7*o**2 + 5*o - 4. Let s be a(4). Let v be s/(-18) - 2/(-9). Is (v + -3 + 2)*3 a prime number?
True
Suppose 0 = -12*f + 2*f + 12530. Is f composite?
True
Suppose 3*p + 12 = 5*p + 4*q, 2*q = -3*p + 18. Suppose p*x - 177 = 3*x. Is x a prime number?
True
Let c be 24 + 0*1/(-2). Suppose -a + 8 = -5*u + 38, 5*a = 4*u - c. Is (-4)/u*(-69)/2 composite?
False
Suppose -t - 4*i = -53, 4*t - 5*i = 45 + 83. Is t a prime number?
True
Let j(i) = -i**2 + 10*i - 12. Let a be j(8). Let s = 6 - a. Suppose -c + 57 = s*c - m, 0 = -c - 5*m + 19. Is c a prime number?
True
Suppose -5*c - 9 = -3*w + 7*w, -c + w - 9 = 0. Let k(p) = -6*p + 7. Is k(c) a composite number?
False
Let l = -10 + 4. Let m be (l - 0)*(-5 - -1). Suppose -2*x = 2*x - m. Is x composite?
True
Let a = -423 - -1032. Let i = a + -430. Is i prime?
True
Suppose 4*o - 2*q = -6*q + 4544, -q - 4569 = -4*o. Is o prime?
False
Let q(m) = -4*m**3 + 3*m**2 - 3. Let l be q(-3). Let c = 140 + -75. Let r = l - c. Is r a prime number?
True
Suppose h - 310 = 3*j, h - 4*h + 880 = j. Is h prime?
False
Let l(a) = a + 5. Let y be l(-3). Suppose y*k + 33 = 5*k. Is k*(4 - 3/(-1)) a prime number?
False
Is (40/16 - 3)/(2/(-1948)) a prime number?
True
Let w(m) = -m**3 + 4*m**2 + 7*m - 6. Let p be w(4). Let t be ((-9)/27)/(1/6). Is p/(-3)*-6 - t composite?
True
Suppose -5*r + 12 = 2. Suppose 0 = f - 0*m - r*m - 334, 3*f - 990 = 3*m. Is f composite?
True
Let v = 11 - 8. Suppose 5*y + v*r - 23 = -6, -2*r - 2 = 0. Is y + -3 - (-79 + 1) a composite number?
False
Let l(k) = -k**3 - 15*k**2 - 16*k - 18. Is l(-14) prime?
False
Let y be 408 - ((-6)/(-3))/2. Let b = y - 90. Is b a composite number?
False
Suppose 2*z + 5*n - 204 = 0, -z + 6*z + 3*n - 491 = 0. Is z prime?
True
Suppose -3 = d - 9. Let v(z) = -2*z - 5. Let x be v(d). Let c = 40 + x. Is c prime?
True
Let o = 0 - -4. Suppose -14 = -o*m - 2. Is m prime?
True
Let k(f) = f - 8. Let x be k(7). Let b be (-2 + 0)*(x - 0). Suppose -q + 0*q + 256 = b*o, -4*o = -q - 506. Is o prime?
True
Suppose 40 = 4*u + 2*r - 5*r, -5*u - 2*r = -27. Suppose 73 = 3*y + u. Is y composite?
True
Let d = 728 - 104. Suppose -3*m + d = -0*m. Let h = -129 + m. Is h composite?
False
Suppose -9*m - 213 = -12*m. Is m a composite number?
False
Suppose -3775 = -3*z + 3*k - 2*k, 4*z = -2*k + 5040. Is z a composite number?
False
Let x = -3 - -5. Suppose -j + 3*j - 377 = -3*y, 0 = y - x*j - 131. Is y composite?
False
Suppose l + 2 = 3*l. Let x(n) = n - 2. Let y be x(l). Let a = 10 + y. Is a composite?
True
Let y(n) = -84*n + 7. Is y(-5) a composite number?
True
Let o(g) = -g**3 - 3*g**2 - 2. Let z be o(-3). Is 1/(z*1/(-514)) composite?
False
Suppose -d + 602 = 49. Is d prime?
False
Let a = 42 - 17. Let y = a - 11. Is y prime?
False
Suppose 0 = 4*r + f + 3*f, -r + f = 0. Suppose 3*k + 0*k - 177 = r. Is k composite?
False
Let i(w) = -18*w + 5. Let b(p) = -37*p + 9. Let m(o) = 2*b(o) - 5*i(o). Is m(8) a prime number?
False
Let x = -282 + 395. Is x prime?
True
Suppose 4*n = -5*u + 4281, n - 3*n = -2*u + 1698. Is u a prime number?
True
Suppose -49 = 4*k + 11. Let g be ((-12)/k)/(2/5). Suppose -g*y + 43 = -19. Is y composite?
False
Let q(j) = 5*j + 12. Is q(9) prime?
False
Suppose 0 = -2*s - s + 36. Let n = s - -21. Is n prime?
False
Let y = 8673 + -4926. Is y a composite number?
True
Let g(t) = -t**3 - 1. Let x be 42/(-9) - (-2)/3. Let i be (2/4)/(x/16). Is g(i) composite?
False
Let j(t) = 60*t**3 + 4*t**2 - 5*t + 4. Let l be j(3). Suppose -6*x + x + l = 0. Is x a composite number?
True
Suppose 2*h - 5*u + 24 = -9, 5*h = -u - 69. Let a = h - 0. Let z = a - -45. Is z composite?
False
Let r be -6*(4/12)/(-1). Is r/(-12) + 7525/42 a composite number?
False
Suppose -y - 7 = -4*v + 6, v = 5*y + 27. Let h(z) = 10*z**3 - 3*z**2 - 3*z - 3. Let r be h(4). Suppose -5*i = -c - 2*c - r, -c = v*i - 222. Is i composite?
False
Let b(r) = r - 5. Let u be b(8). Is 144 + 1 + (-9)/u a composite number?
True
Suppose 0*k = -4*k - 20. Is (-2065)/(-25) + (-2)/k composite?
False
Let i(w) = 2*w - 3. Is i(13) composite?
False
Let s(z) be the third derivative of -z**6/120 - z**5/12 - z**4/8 + z**3/3 - 3*z**2. Is s(-7) a composite number?
True
Let z(d) = -8*d - 10. Let r be z(-8). Suppose 43 = v - r. Is v a prime number?
True
Suppose 0*z - 2*z + 3730 = 0. Is z prime?
False
Let t = 5 - 5. Suppose t = 5*h - 2*i - 327, 4*h - 210 - 70 = -3*i. Is h composite?
False
Let h be ((-9)/6)/((-3)/4). Suppose -h*m = -4*m + 28. Suppose -60 + m = -2*c. Is c a composite number?
False
Let v be (-1 + (-1)/(-1))*-1. Suppose v = 4*g - 5*i + 192, 3*i = -0*g - g - 48. Let c = g - -95. Is c composite?
False
Let s(n) = -15*n - 5. Is s(-14) prime?
False
Suppose 0 = -4*b - 0*b + 12. Suppose 0 = -b*u + u + 4. Suppose 5*p + u*o - 581 = 0, -4*p + 454 = -4*o + 2*o. Is p composite?
True
Suppose -3*j = 2*w - 12, 6*w - 3*w - 3*j + 12 = 0. Let b(c) = c**3 + c - 3. Let k be b(w). Is 1*((-24)/k - 1) a composite number?
False
Suppose 4*h - 2*c + 1270 = -0*c, 2*h + 636 = 2*c. Let v = -168 - h. Is v a prime number?
True
Let w(d) = 7*d**2 + 2*d - 5. Suppose 2*n + 2*n + 5*p - 36 = 0, 0 = 5*n + 3*p - 32. Let i be w(n). Suppose -i = -6*y + y. Is y composite?
False
Suppose -7*u + 12*u - 1270 = 0. Is u a prime number?
False
Let f = -535 - -1098. Let g = 1031 - f. Suppose 0 = 4*n + 3*x + x - g, 4*n - 432 = 5*x. Is n a prime number?
True
Let o = 6 - 4. Suppose 4*w - 476 = -4*n - 0*n, 0 = 4*n - o*w - 494. Is 1*n/1 + -3 a prime number?
False
Suppose -6*v - 365 + 1019 = 0. Is v a prime number?
True
Let o(l) = 30*l**2 + 1 - 4 - l + 2. Is o(-2) a prime number?
False
Is 3/15 - (19116/(-20) - 2) a prime number?
False
Let x be ((-3)/6)/(2/(-268)). Let g = -9 + 11. Suppose -x = -g*l + 25. Is l composite?
True
Let d(y) = -27*y**3 + 2*y**2 - 2*y + 1. Let q = 2 + -1. Let m be d(q). Is m*(3/(-6) - 0) prime?
True
Let s = -15 + 20. Suppose 3*q - 1246 = -s*a, a + a = 4*q + 514. Is a a prime number?
True
Let n be -3*1 + (1 - 464). Let b = n - -1107. Is b composite?
False
Suppose -o = 5*k - 21, -2*o - 3*k + 0 = -42. Let a be 6/o + (-438)/14. Let z = a + 66. Is z composite?
True
Let c be -1*(-3)/(-9)*-9. Let a(d) = 13*d**2 - 5*d + 3. Let x be a(c). Suppose -6*v + x = -v. Is v composite?
True
Let f be (-10)/25 + (-24)/(-10). Suppose -c + f*k + 60 = 2*c, 4*c + 2*k - 94 = 0. Is c prime?
False
Let z = 335 - 95. Suppose -3*l + 4*l - 148 = -3*p, 5*p + 3*l = z. Is p composite?
True
Let u(x) = x**3 - 9*x**2 + 5*x + 11. Is u(10) a prime number?
False
Let v(y) = 26*y**3 + y**2 - y - 3. Is v(4) a composite number?
True
Suppose -4*n - 132 = 2*x - 638, -x = -n + 128. Is n a composite number?
False
Suppose -3*v = -5*v + 402. Is v a prime number?
False
Suppose 0 = 3*f - y - 6, 7*y = -5*f + 2*y +